rt 4378383 (base 9) to base 13.
645bac
20222301302 (base 4) to base 9
4243085
Convert 57b7d (base 14) to base 9.
354843
1567655 (base 8) to base 6
13424301
19191 (base 13) to base 10
48621
349cb (base 13) to base 3
11212220110
What is -1000100100100001011100 (base 2) in base 15?
-2e5a83
Convert 11010010011101 (base 2) to base 8.
32235
-1002599 (base 10) to base 14
-1c1543
-1357722 (base 11) to base 10
-2338107
What is -407645 (base 8) in base 7?
-1101545
Convert -a7687 (base 12) to base 10.
-220423
What is -122200133212 (base 4) in base 15?
-923dad
b88264 (base 12) to base 15
3c956d
What is 434510 (base 10) in base 6?
13151342
8033299 (base 10) to base 4
132221100103
What is -1796343 (base 10) in base 3?
-10101021010020
Convert 22130 (base 4) to base 2.
1010011100
Convert 2001200020 (base 3) to base 11.
28548
-323311321 (base 4) to base 5
-30320423
Convert -2430a0 (base 11) to base 10.
-384769
-113144223 (base 5) to base 11
-327056
Convert 2001203031 (base 4) to base 14.
db549
-473d5b (base 14) to base 6
-124034541
1310611 (base 7) to base 10
170773
Convert 1008da (base 14) to base 3.
1000102011121
Convert 7b4e7d (base 15) to base 5.
3001424033
What is 188ae (base 15) in base 4?
103123211
Convert -2100203120 (base 4) to base 10.
-592088
What is -7769af (base 16) in base 14?
-1079da7
What is -116681 (base 10) in base 9?
-187045
What is -34315412 (base 6) in base 4?
-10000322000
10001101100100010 (base 2) to base 9
120375
Convert 1553b61 (base 15) to base 6.
1311115044
What is -556d6 (base 15) in base 4?
-1002102333
275da (base 16) to base 11
100164
What is 33322002 (base 4) in base 13?
2386b
-8a673 (base 11) to base 13
-47979
What is -110100001111101001 (base 2) in base 15?
-43613
Convert 233707 (base 9) to base 3.
21010210021
What is -116a1 (base 16) in base 3?
-10121211211
62af46 (base 16) to base 3
110011120121021
Convert -687c07 (base 15) to base 8.
-23015276
What is 1ba8524 (base 12) in base 2?
10110101011011011101100
Convert -202515 (base 8) to base 13.
-245a8
-2002210010 (base 3) to base 13
-15ac2
What is 1c37b83 (base 13) in base 12?
3187409
-4253632 (base 11) to base 5
-3404030210
1b2693b (base 13) to base 16
89117b
Convert 11332113123 (base 4) to base 15.
20e0b6
What is -2234110014 (base 5) in base 7?
-60253444
What is -a31146 (base 12) in base 4?
-21233022012
What is -61b4627 (base 12) in base 8?
-106142577
Convert 405281 (base 9) to base 8.
724714
What is 146b32b (base 13) in base 9?
13218335
-407123 (base 8) to base 4
-200321103
-1700454 (base 8) to base 3
-220222122120
Convert -62ee3 (base 16) to base 14.
-a7963
-154154613 (base 7) to base 15
-da1950
Convert 1014032 (base 5) to base 11.
11663
Convert -268668 (base 9) to base 2.
-101000000000000100
Convert -5080 (base 15) to base 5.
-1020440
1001001111010110001111 (base 2) to base 11
1404893
Convert -123202010102 (base 4) to base 2.
-11011100010000100010010
6f0dc (base 16) to base 15
8eba1
What is 3ba8 (base 14) in base 5?
314121
What is -6225420 (base 9) in base 13?
-8c4ba0
-11041221 (base 5) to base 4
-113202310
What is 34192 (base 13) in base 12?
46a07
What is -675939 (base 10) in base 15?
-d5429
Convert -10846b (base 13) to base 3.
-201210110220
-224331 (base 8) to base 7
-434361
What is 2862403 (base 12) in base 16?
7b75c3
10609384 (base 10) to base 4
220132023220
Convert -329462 (base 13) to base 6.
-41312202
What is -20330220201 (base 4) in base 3?
-11102011102120
What is 20112101111 (base 3) in base 16?
1f64b
What is 1d9db (base 16) in base 2?
11101100111011011
-2435123 (base 7) to base 5
-34432020
-1651251 (base 7) to base 2
-111000011000111101
-1956536 (base 12) to base 7
-63251223
What is -1442550 (base 6) in base 3?
-11020122210
What is -a228c (base 14) in base 10?
-390164
What is 7a158 (base 12) in base 6?
3252552
Convert 7650216 (base 8) to base 3.
10212021010211
What is -21112000030 (base 4) in base 11?
-1423316
Convert 11101001110000010010 (base 2) to base 12.
3a2102
What is 1331 (base 14) in base 9?
4560
-28a (base 15) to base 3
-210111
What is -33310225 (base 6) in base 11?
-626762
Convert 308b58 (base 12) to base 11.
480532
Convert 522130 (base 6) to base 8.
121746
What is -15360243 (base 7) in base 6?
-51352440
-a911a2 (base 11) to base 3
-10021121002210
What is 3961a (base 12) in base 14?
20938
Convert -8d5d (base 15) to base 3.
-1112011121
1227884 (base 9) to base 14
135892
-1243165 (base 7) to base 11
-100786
What is -21320123 (base 5) in base 10?
-182538
Convert 31207 (base 14) to base 4.
130321313
Convert 15345447 (base 8) to base 14.
67aab5
What is -6724248 (base 10) in base 16?
-669a98
What is 1435344 (base 7) in base 11?
122810
96854 (base 11) to base 4
202113232
Convert 31622266 (base 8) to base 16.
6724b6
-2100101021200 (base 3) to base 14
-2468d0
Convert 195014 (base 11) to base 12.
125396
Convert 63915 (base 16) to base 10.
407829
Convert -a181af (base 16) to base 14.
-1597475
-241344412 (base 5) to base 4
-10101321001
What is -62225a (base 11) in base 2?
-11110011110010011101
-21340608 (base 9) to base 10
-10301264
Convert -152074 (base 11) to base 6.
-5025115
What is -1119c2a (base 15) in base 2?
-101110101010110000001100
What is -2100210010 (base 4) in base 10?
-592132
Convert 1748807 (base 12) to base 16.
49a287
-120231331 (base 4) to base 10
-101245
835877 (base 10) to base 9
1513542
12045644 (base 7) to base 11
6712aa
What is -25230315 (base 6) in base 14?
-17226b
What is -36224 (base 8) in base 16?
-3c94
What is -4630334 (base 8) in base 16?
-1330dc
Convert -12011111201121 (base 3) to base 11.
-1606082
Convert 10566 (base 12) to base 3.
1002112120
Convert 37d9aa (base 14) to base 5.
442414340
What is -3213131132 (base 4) in base 14?
-1a970a
12201210010 (base 3) to base 9
181703
What is 2348589 (base 12) in base 4?
122000010321
-123110134 (base 5) to base 12
-249974
What is -527588 (base 9) in base 7?
-2445215
-2636600 (base 8) to base 14
-152652
Convert 4331b (base 12) to base 13.
31421
-1111101111001000001 (base 2) to base 13
-150924
11100111010 (base 2) to base 11
1432
Convert 32300003 (base 5) to base 12.
11318b
What is -654739 (base 11) in base 8?
-3772334
Convert -10126208 (base 9) to base 3.
-100010220020022
What is 1652746 (base 8) in base 3?
220102110021
Convert -1262400 (base 7) to base 11.
-104150
Convert 110110001101100111101 (base 2) to base 12.
718051
10132101302 (base 4) to base 6
41044402
What is -82125 (base 16) in base 12?
-218399
-168a850 (base 12) to base 9
-8686826
What is 302033303 (base 4) in base 13?
728a8
Convert -100010000011000111001 (base 2) to base 10.
-1115705
Convert -1924655 (base 10) to base 3.
-10121210010112
2121301321 (base 4) to base 13
190915
What is 3011143 (base 6) in base 14?
39823
What is -1414244144 (base 5) in base 2?
-1101111110111010001101
What is 4cade1 (base 15) in base 9?
6831534
Convert -1312212310 (base 4) to base 13.
-140182
3215314 (base 7) to base 3
201212010101
32111233000 (base 4) to base 8
16255700
Convert -614122 (base 7) to base 16.
-198e8
5402063 (base 7) to base 8
2401514
Convert -40640423 (base 7) to base 10.
-3404831
2545430 (base 8) to base 11
443498
What is b47789 (base 13) in base 14?
7ba1b8
Convert -2004614 (base 7) to base 3.
-110001001212
5b749 (base 13) to base 11
105424
Convert 17a829 (base 14) to base 4.
3030003011
Convert -12702 (base 11) to base 12.
-a608
What is 343082 (base 12) in base 15?
1174d2
-2ad70 (base 15) to base 9
-230306
3414451 (base 6) to base 2
101010010101011111
Convert 121423425 (base 7) to base 13.
1762707
-46150256 (base 7) to base 16
-3d7a59
-238b8b5 (base 12) to base 9
-13883352
What is -1124023 (base 6) in base 12?
-29613
Convert -3a907 (base 13) to base 3.
-12112202202
What is 1135804 (base 9) in base 14?
11dd0a
Convert -1cb6b (base 15) to base 13.
-3385a
What is -22011202 (base 4) in base 9?
-62604
What is 47747 (base 12) in base 15?
1d71d
What is 13825 (base 16) in base 3?
11001121121
Convert 21212132302 (base 4) to base 12.
a1466a
What is -178511 (base 10) in base 16?
-2b94f
What is 2101102011100 (base 3) in base 14?
250088
102200001102010 (base 3) to base 10
6201174
What is -35153a (base 13) in base 4?
-10303203333
What is 1525517 (base 10) in base 9?
2774548
1970c (base 16) to base 14
29d92
Convert -35343243 (base 7) to base 14.
-5b3093
Wh